{"id":944,"date":"2021-08-08T17:05:58","date_gmt":"2021-08-08T15:05:58","guid":{"rendered":"https:\/\/www.raum-fuer-entfaltung-echle.de\/?page_id=944"},"modified":"2023-08-26T13:11:19","modified_gmt":"2023-08-26T11:11:19","slug":"impressum","status":"publish","type":"page","link":"https:\/\/www.raum-fuer-entfaltung-echle.de\/?page_id=944","title":{"rendered":"Impressum"},"content":{"rendered":"<p>[et_pb_section fb_built=&#8220;1&#8243; _builder_version=&#8220;4.9.10&#8243; _module_preset=&#8220;default&#8220; background_color=&#8220;rgba(216,178,80,0.34)&#8220;][et_pb_row _builder_version=&#8220;4.9.10&#8243; _module_preset=&#8220;default&#8220;][et_pb_column type=&#8220;4_4&#8243; _builder_version=&#8220;4.9.10&#8243; _module_preset=&#8220;default&#8220;][et_pb_text _builder_version=&#8220;4.9.10&#8243; _module_preset=&#8220;default&#8220; text_font=&#8220;Abhaya Libre||||||||&#8220; header_font=&#8220;Abhaya Libre||||||||&#8220; header_text_color=&#8220;#3E3E3E&#8220; header_2_font=&#8220;Abhaya Libre|300|||||||&#8220; header_3_font=&#8220;Abhaya Libre||||||||&#8220; header_3_text_color=&#8220;#3E3E3E&#8220; hover_enabled=&#8220;0&#8243; sticky_enabled=&#8220;0&#8243;]<\/p>\n<h1>Impressum<\/h1>\n<p>&nbsp;<\/p>\n<h4><strong>Firmenstammdaten<\/strong><\/h4>\n<div>Firmenname: Raum f\u00fcr Entfaltung &#8211; Ruth Echle<\/div>\n<div>Vorname: Ruth<\/div>\n<div>Name: Echle<\/div>\n<div>Stra\u00dfe: Dorfstr.<\/div>\n<div>Hsnr.: 121<\/div>\n<div>PLZ: 25336<\/div>\n<div>Ort: Klein Nordende<\/div>\n<div>Emailadresse: raum(at)entfaltung-echle.de<\/div>\n<div>Telefonnummer: 017644485023<\/div>\n<div><\/div>\n<h4><strong><\/strong><\/h4>\n<p><strong><\/strong><\/p>\n<p><strong><\/strong><\/p>\n<h4><strong>Gesellschaftsform:<\/strong><\/h4>\n<div>Einzelunternehmer<\/div>\n<div><\/div>\n<h3><\/h3>\n<h4><strong><\/strong><\/h4>\n<h4><strong><\/strong><\/h4>\n<h4><strong>Haftungsausschluss<\/strong><\/h4>\n<p>Trotz sorgf\u00e4ltiger inhaltlicher Kontrolle \u00fcbernehmen wir keine Haftung f\u00fcr die Inhalte externer Links. F\u00fcr den Inhalt der verlinkten Seiten sind ausschlie\u00dflich deren Betreiber verantwortlich.<\/p>\n<p>&nbsp;<\/p>\n<h4><strong>Datenschutz<\/strong><\/h4>\n<p>Datenerhebung und -verwendung personenbezogener Daten<\/p>\n<p>Unsere Webserver speichern tempor\u00e4r jeden Zugriff in einer Protokolldatei. Folgende Daten werden erfasst und bis zur automatisierten L\u00f6schung gespeichert:<\/p>\n<p>IP-Adresse des anfragenden Rechners, Datum und Uhrzeit des Zugriffs, Name und URL der abgerufenen Daten, \u00dcbertragene Datenmenge, Meldung, ob der Abruf erfolgreich war, Erkennungsdaten des verwendeten Browser- und Betriebssystems, Webseite, von der aus der Zugriff erfolgt sowie Name Ihres Internet-Zugangs-Providers.<\/p>\n<p>Die Verarbeitung dieser Daten erfolgt zum Zweck, die Nutzung der Webseite zu erm\u00f6glichen (Verbindungsaufbau), der Systemsicherheit sowie der technischen Administration der Netzinfrastruktur.<\/p>\n<p>Weiteren als die obenstehend aufgez\u00e4hlten personenbezogenen Daten werden nur erhoben, wenn Sie uns diese von sich aus mitteilen. Diese Daten werden in verschl\u00fcsselter Form \u00fcbertragen. Personenbezogene Daten werden ausschlie\u00dflich zur Bearbeitung Ihrer Anfragen genutzt. Ebenso erfolgt eine Weitergabe der Daten an Dritte ausschlie\u00dflich zu diesem Zweck. Eine sonstige Weitergabe oder ein Verkauf der personenbezogenen Daten findet nicht statt.<\/p>\n<p>&nbsp;<\/p>\n<h4><strong>Datenschutzerkl\u00e4rung<\/strong><\/h4>\n<h5>1. Verantwortlicher [und Datenschutzbeauftragter]<\/h5>\n<p>Verantwortlicher im Sinne des Art. 4 Abs. 7 DS-GVO ist Raum f\u00fcr Entfaltung &#8211; Ruth Echle, vertreten durch Ruth Echle, Uetersener Str. 59 25436 Tornesch, <a href=\"mailto:raum@entfaltung-echle.de\">raum@entfaltung-echle.de<\/a>. Unser Datenschutzbeauftragter kann \u00fcber die E-Mail-Adresse <a href=\"mailto:raum@entfaltung-echle.de\">raum@entfaltung-echle.de<\/a><br \/>oder per Post \u00fcber Raum f\u00fcr Entfaltung &#8211; Ruth Echle, vertreten durch Ruth Echle, Uetersener Str. 59 25436 Tornesch erreicht werden.<\/p>\n<h5>2. Erhebung personenbezogener Daten<\/h5>\n<p>Bei der Nutzung unserer Webseite erheben wir personenbezogene Daten. Darunter sind alle Daten zu verstehen, die auf die Person des Nutzers pers\u00f6nlich beziehbar sind. Davon umfasst sind insbesondere der Vor- und Nachname, die Post-Adresse, die E-Mail-Adresse und das Verhalten der Nutzer bei Benutzung unserer Webseite.<\/p>\n<p>Sofern Nutzer \u00fcber das auf unserer Webseite befindliche Kontaktformular oder per E-Mail mit uns Kontakt aufnehmen, werden wir die vom Nutzer \u00fcbermittelten Daten zur Beantwortung der Anfragen speichern. Eine Beantwortung der Anfragen ist nur unter Angabe der E-Mail-Adresse m\u00f6glich. Zus\u00e4tzlich k\u00f6nnen die Nutzer freiwillig ihren Vor- und Nachnamen zwecks einer pers\u00f6nlichen Anrede in der Antwort und ihre Telefonnummer zwecks der Durchf\u00fchrung von R\u00fcckfragen mitteilen. Die zwecks der Kontaktaufnahme \u00fcbermittelten Daten werden wir l\u00f6schen, nachdem eine Speicherung nicht mehr erforderlich ist. Sofern gesetzliche Aufbewahrungsfristen durch uns einzuhalten sind, werden wir die Verarbeitung der \u00fcbermittelten Daten einschr\u00e4nken.<\/p>\n<h5>3. Rechte der Nutzer<\/h5>\n<p>Jeder Nutzer kann gegen\u00fcber uns hinsichtlich der \u00fcber ihn erhobenen personenbezogenen Daten folgende Rechte geltend machen:<\/p>\n<ul>\n<li>Recht auf Auskunft<\/li>\n<li>Recht auf Berichtigung und L\u00f6schung<\/li>\n<li>Recht auf Einschr\u00e4nkung der Verarbeitung<\/li>\n<li>Recht auf Widerspruch gegen die Verarbeitung sowie<\/li>\n<li>Recht auf \u00dcbertragbarkeit der Daten<\/li>\n<\/ul>\n<p>Jeder Nutzer hat unabh\u00e4ngig der vorgenannten Rechte ferner das Recht, sich bei einer Datenschutz-Aufsichtsbeh\u00f6rde \u00fcber Vorg\u00e4nge zu beschweren, die die Verarbeitung seiner personenbezogenen Daten betreffen.<\/p>\n<h5>4. Erhebung personenbezogener Daten im Zusammenhang mit dem Besuch unserer Webseite<\/h5>\n<p>Sofern der Nutzer unsere Webseite nur dazu nutzt, sich \u00fcber den darauf bereitgestellten Inhalt zu informieren, ohne dass der Nutzer hierbei auf eigenes Betreiben Informationen \u00fcbermittelt, insbesondere sich auf der Webseite registriert, werden durch uns nur diejenigen Daten erhoben, die durch den Internet-Browser an unsere Server \u00fcbermittelt werden. Die Erhebung dieser Daten basiert auf Art. 6 Abs. 1 Satz 1 lit. f) DS-GVO und dient dazu, die Inhalte der Webseite sicher und stabil auszuspielen und anzuzeigen. In diesem Zusammenhang erheben wir folgende Daten:<\/p>\n<ul>\n<li>Datum und Uhrzeit der Anfrage samt der zeitlichen Differenz zur Zeitzone der mittleren Greenwich Zeit (\u201eGreenwich Mean Time \u2013 GMT\u201c)<\/li>\n<li>Internetprotokoll (IP)-Adresse<\/li>\n<li>angeforderte Inhalte, insbesondere Dateien, samt der \u00fcbertragenen Inhalte<\/li>\n<li>Art des vom Nutzer verwendeten Browsers, dessen Version und eingestellte Sprache und des vom Nutzer verwendeten Betriebssystems<\/li>\n<\/ul>\n<p>&nbsp;<\/p>\n<p><!-- Dieses Impressum wurde mit Hilfe der Trainerversorgung e.V,. erstellt. Sie m\u00f6chten auch eines? http:\/\/www.trainerversorung.de --><\/p>\n<p>[\/et_pb_text][\/et_pb_column][\/et_pb_row][\/et_pb_section]<\/p>\n","protected":false},"excerpt":{"rendered":"<p>Impressum &nbsp; Firmenstammdaten Firmenname: Raum f\u00fcr Entfaltung &#8211; Ruth Echle Vorname: Ruth Name: Echle Stra\u00dfe: Dorfstr. Hsnr.: 121 PLZ: 25336 Ort: Klein Nordende Emailadresse: raum(at)entfaltung-echle.de Telefonnummer: 017644485023 Gesellschaftsform: Einzelunternehmer Haftungsausschluss Trotz sorgf\u00e4ltiger inhaltlicher Kontrolle \u00fcbernehmen wir keine Haftung f\u00fcr die Inhalte externer Links. F\u00fcr den Inhalt der verlinkten Seiten sind ausschlie\u00dflich deren Betreiber verantwortlich. &nbsp; [&hellip;]<\/p>\n","protected":false},"author":1,"featured_media":0,"parent":0,"menu_order":0,"comment_status":"closed","ping_status":"closed","template":"","meta":{"_et_pb_use_builder":"on","_et_pb_old_content":"","_et_gb_content_width":"","footnotes":""},"class_list":["post-944","page","type-page","status-publish","hentry"],"_links":{"self":[{"href":"https:\/\/www.raum-fuer-entfaltung-echle.de\/index.php?rest_route=\/wp\/v2\/pages\/944","targetHints":{"allow":["GET"]}}],"collection":[{"href":"https:\/\/www.raum-fuer-entfaltung-echle.de\/index.php?rest_route=\/wp\/v2\/pages"}],"about":[{"href":"https:\/\/www.raum-fuer-entfaltung-echle.de\/index.php?rest_route=\/wp\/v2\/types\/page"}],"author":[{"embeddable":true,"href":"https:\/\/www.raum-fuer-entfaltung-echle.de\/index.php?rest_route=\/wp\/v2\/users\/1"}],"replies":[{"embeddable":true,"href":"https:\/\/www.raum-fuer-entfaltung-echle.de\/index.php?rest_route=%2Fwp%2Fv2%2Fcomments&post=944"}],"version-history":[{"count":8,"href":"https:\/\/www.raum-fuer-entfaltung-echle.de\/index.php?rest_route=\/wp\/v2\/pages\/944\/revisions"}],"predecessor-version":[{"id":1146,"href":"https:\/\/www.raum-fuer-entfaltung-echle.de\/index.php?rest_route=\/wp\/v2\/pages\/944\/revisions\/1146"}],"wp:attachment":[{"href":"https:\/\/www.raum-fuer-entfaltung-echle.de\/index.php?rest_route=%2Fwp%2Fv2%2Fmedia&parent=944"}],"curies":[{"name":"wp","href":"https:\/\/api.w.org\/{rel}","templated":true}]}}